r of 342 and 18?
18
Calculate the highest common factor of 864 and 30.
6
Calculate the highest common factor of 3472 and 112.
112
Calculate the greatest common factor of 1054 and 186.
62
What is the greatest common divisor of 8046 and 162?
54
Calculate the highest common factor of 194 and 97.
97
Calculate the greatest common factor of 17375 and 1000.
125
Calculate the greatest common factor of 72 and 88.
8
What is the greatest common factor of 9423 and 27?
27
What is the highest common divisor of 1414 and 602?
14
What is the greatest common factor of 42 and 42?
42
What is the greatest common factor of 266 and 456?
38
What is the highest common factor of 459 and 99?
9
What is the greatest common divisor of 19 and 247?
19
What is the greatest common divisor of 176 and 824?
8
What is the highest common factor of 56 and 259?
7
What is the greatest common factor of 16 and 296?
8
What is the highest common divisor of 25 and 185?
5
Calculate the greatest common factor of 2214 and 234.
18
Calculate the highest common factor of 43706 and 26.
26
Calculate the highest common divisor of 37 and 2701.
37
What is the highest common divisor of 16 and 48?
16
Calculate the greatest common factor of 3577 and 98.
49
What is the greatest common factor of 240 and 144?
48
What is the greatest common factor of 22 and 242?
22
What is the highest common divisor of 2600 and 50?
50
Calculate the highest common factor of 12 and 1188.
12
Calculate the greatest common factor of 99 and 675.
9
What is the greatest common divisor of 272 and 153?
17
Calculate the highest common factor of 83 and 1.
1
Calculate the highest common divisor of 132 and 18.
6
What is the highest common divisor of 2208 and 96?
96
What is the highest common divisor of 475 and 380?
95
What is the highest common factor of 12 and 16896?
12
Calculate the highest common factor of 168 and 96.
24
What is the greatest common factor of 498 and 3?
3
What is the highest common factor of 25218 and 6?
6
Calculate the highest common factor of 1189 and 41.
41
Calculate the greatest common divisor of 213 and 9.
3
Calculate the greatest common factor of 30 and 6.
6
What is the greatest common factor of 10 and 190?
10
Calculate the highest common divisor of 18 and 234.
18
What is the highest common divisor of 868 and 12028?
124
Calculate the greatest common divisor of 435 and 11049.
87
Calculate the highest common divisor of 272 and 80.
16
Calculate the greatest common factor of 74 and 45806.
74
What is the greatest common divisor of 2052 and 1332?
36
Calculate the highest common factor of 21 and 156.
3
Calculate the greatest common factor of 682 and 6014.
62
What is the greatest common divisor of 60 and 1860?
60
What is the highest common divisor of 4113 and 18?
9
What is the highest common divisor of 161 and 4025?
161
What is the highest common factor of 256 and 8?
8
What is the greatest common divisor of 75 and 450?
75
What is the greatest common divisor of 486 and 31347?
243
Calculate the highest common divisor of 576 and 36.
36
Calculate the highest common divisor of 180 and 99.
9
What is the greatest common factor of 7 and 11333?
7
What is the highest common factor of 366 and 305?
61
What is the highest common factor of 131 and 6157?
131
What is the highest common divisor of 39 and 9?
3
Calculate the greatest common divisor of 48 and 262.
2
What is the greatest common factor of 301 and 28?
7
What is the greatest common divisor of 471 and 2041?
157
What is the greatest common factor of 130 and 80?
10
What is the greatest common factor of 20 and 340?
20
What is the greatest common factor of 1159 and 61?
61
Calculate the greatest common factor of 12 and 6576.
12
What is the highest common factor of 99 and 36?
9
Calculate the greatest common factor of 1075 and 86.
43
What is the greatest common factor of 33 and 9?
3
What is the highest common factor of 6112 and 32?
32
What is the greatest common factor of 147 and 147?
147
What is the highest common divisor of 18628 and 8?
4
Calculate the highest common divisor of 66 and 231.
33
What is the greatest common divisor of 795 and 265?
265
What is the highest common divisor of 312 and 39?
39
Calculate the greatest common factor of 22086 and 2045.
409
Calculate the greatest common divisor of 68 and 85.
17
What is the highest common divisor of 27 and 1161?
27
What is the highest common divisor of 605 and 15?
5
Calculate the highest common factor of 2940 and 12.
12
Calculate the greatest common factor of 135 and 108.
27
What is the highest common divisor of 72 and 2976?
24
Calculate the greatest common divisor of 3417 and 51.
51
Calculate the greatest common factor of 35836 and 496.
124
Calculate the highest common divisor of 52 and 1274.
26
Calculate the highest common factor of 1504 and 32.
32
Calculate the greatest common divisor of 8 and 6.
2
What is the greatest common divisor of 8 and 178?
2
Calculate the highest common divisor of 22 and 23122.
22
What is the greatest common factor of 104 and 182?
26
Calculate the highest common factor of 91 and 28.
7
What is the highest common factor of 188 and 47?
47
What is the highest common divisor of 31 and 713?
31
What is the highest common divisor of 1645 and 70?
35
Calculate the highest common divisor of 72 and 30.
6
Calculate the greatest common factor of 1258 and 867.
17
Calculate the highest common divisor of 5 and 185.
5
Calculate the highest common divisor of 566 and 283.
283
What is the greatest common factor of 50 and 450?
50
What is the highest common factor of 2712 and 15?
3
What is the greatest common divisor of 27 and 8?
1
What is the greatest common divisor of 13 and 208?
13
Calculate the highest common divisor of 396 and 2068.
44
What is the greatest common factor of 227 and 27467?
227
What is the highest common divisor of 16 and 1?
1
Calculate the greatest common divisor of 285 and 15.
15
What is the greatest common factor of 7 and 3073?
7
What is the greatest common divisor of 541 and 3?
1
What is the greatest common divisor of 19 and 304?
19
What is the greatest common divisor of 390 and 90?
30
What is the highest common factor of 41 and 57851?
41
What is the greatest common factor of 240 and 75?
15
What is the highest common divisor of 700 and 7525?
175
What is the highest common factor of 279 and 27?
9
What is the highest common divisor of 1566 and 594?
54
Calculate the highest common divisor of 2535 and 65.
65
Calculate the highest common factor of 255 and 17.
17
What is the highest common factor of 3122 and 14?
14
What is the highest common factor of 12194 and 14?
14
What is the highest common factor of 41 and 1763?
41
What is the highest common divisor of 490 and 1330?
70
Calculate the highest common divisor of 15 and 81.
3
Calculate the greatest common divisor of 102 and 1921.
17
Calculate the greatest common divisor of 105 and 30.
15
Calculate the highest common divisor of 96 and 804.
12
What is the greatest common divisor of 7102 and 134?
134
Calculate the highest common factor of 627 and 429.
33
What is the highest common factor of 2147 and 904?
113
What is the greatest common divisor of 16 and 6896?
16
What is the highest common divisor of 216 and 81?
27
What is the greatest common divisor of 147 and 168?
21
What is the highest common factor of 8 and 1025?
1
What is the highest common divisor of 315 and 45?
45
What is the highest common factor of 90 and 54?
18
Calculate the highest common factor of 48 and 120.
24
Calculate the greatest common divisor of 108 and 612.
36
Calculate the highest common factor of 31 and 3131.
31
What is the highest common factor of 2141 and 1?
1
Calculate the highest common factor of 50 and 10.
10
Calculate the highest common divisor of 1243 and 22.
11
Calculate the greatest common factor of 186 and 6.
6
What is the highest common divisor of 60 and 2680?
20
Calculate the highest common divisor of 18 and 198.
18
Calculate the highest common factor of 144 and 108.
36
Calculate the greatest common divisor of 5 and 1055.
5
Calculate the highest common factor of 2493 and 27.
9
Calculate the highest common divisor of 160 and 112.
16
Calculate the greatest common factor of 1742 and 26.
26
Calculate the greatest common factor of 198 and 18.
18
What is the greatest common divisor o